 18 = 2. Let r = h + m. List the prime factors of r.
2
Let d(s) = 2*s - 8. Let g be d(4). Suppose g = -3*k - 0*k + 72. What are the prime factors of k?
2, 3
Let m(s) be the third derivative of s**6/24 + s**4/12 - s**3/6 + 3*s**2. What are the prime factors of m(1)?
2, 3
Let h(m) = -108*m - 3. List the prime factors of h(-1).
3, 5, 7
Let x(b) = b**3 - 7*b**2 - 7*b - 8. Let z be x(8). Suppose -l + z*l + 6 = 0. Suppose -l*p + p + 40 = 0. List the prime factors of p.
2
Let a(o) = 2*o**2 + 4*o + 4. Let h be a(-4). What are the prime factors of (h/(-12) + 1)*-27?
2, 3
Suppose -6 = -3*m - 0. List the prime factors of 30/(m*(2 + -1)).
3, 5
Let a = 54 + -13. What are the prime factors of a?
41
Suppose 8*l = 5*l. Suppose l = -5*a + 9*a - 168. What are the prime factors of a?
2, 3, 7
Let d(h) = -h**3 - 7*h**2 - 8*h - 15. What are the prime factors of d(-7)?
41
Suppose 4*g - 3*n + 5 = 0, 0*g - g + 2*n = 0. Let k be g/3 - (-2)/3. Suppose s + 3*s - 32 = k. List the prime factors of s.
2
Suppose 66 = -5*n + k, 5*k - 2 = 3*n + 42. Let v be 1*(-3 - (-2 + 2)). Let g = v - n. What are the prime factors of g?
2, 5
What are the prime factors of (1053/(-26))/(2/(-4))?
3
Suppose -7*m = -2*m - 10. Let g be 11/m*(-4 - -2). Let s = -3 - g. List the prime factors of s.
2
Let k = -4 - -1. Let g(n) = 2*n**2 + 2*n. Let p(l) = 2*l**2 + l. Let r(u) = k*g(u) + 4*p(u). What are the prime factors of r(2)?
2
Let c be 3/1 - 0/(-1). Suppose 3*t = -6, -3*i - 6*t + c*t + 63 = 0. List the prime factors of i.
23
Suppose -f - 23 = -5*g, -35 = -g - 4*g - 5*f. Suppose g*m = 16 - 66. Let z = 18 + m. List the prime factors of z.
2
Let z = -27 + 60. Let n = z + -18. What are the prime factors of n?
3, 5
Let s be ((-6)/8)/((-3)/(-24)). Let m(g) = -g + 2. Let w be m(s). Suppose -w = -r + 3. What are the prime factors of r?
11
Suppose -4*a + 399 = -77. List the prime factors of a.
7, 17
Let y(p) = p + 1. Let l be y(7). Let u be 4/l*(7 - -1). Suppose -34 + u = -3*s. List the prime factors of s.
2, 5
Let z = 14 + -5. What are the prime factors of z?
3
What are the prime factors of (90 + 3)*(-1)/(-3)?
31
Suppose -5 = 4*y - 2*l - 75, y - l = 15. Suppose 4 = 4*u - y. List the prime factors of u.
2, 3
Let n = -140 - -197. List the prime factors of n.
3, 19
What are the prime factors of 3/((-12)/(-152)) - -1?
3, 13
Let a = -17 - -13. What are the prime factors of 8/(-4)*50/a?
5
Let v(n) = 5*n - 1. Let s be v(1). Let m = 9 - s. What are the prime factors of m?
5
Let r = 145 - 105. List the prime factors of r.
2, 5
Let q(o) = -4*o - 13. List the prime factors of q(-7).
3, 5
Let j(p) = 5*p - 2. Let n = -6 - -13. Let z be j(n). Let s = -20 + z. List the prime factors of s.
13
Suppose 0 = 3*v - 8 + 17. List the prime factors of (15 - -1) + 0 + v.
13
Let a be (-2)/(-2) + -6 + 5. Suppose 5*k + 56 = h - a*k, -3*h + 3*k + 108 = 0. What are the prime factors of h?
31
Let m(r) = r**3 - r**2 + r. Let g(o) = -o - 4. Let y be g(-3). Let k(d) = -5*d**3 - d**2 - 2*d + 1. Let b(x) = y*k(x) - 4*m(x). List the prime factors of b(-5).
3
Let i(n) be the third derivative of -n**4/24 - 2*n**3/3 + 2*n**2. List the prime factors of i(-10).
2, 3
List the prime factors of ((-6)/2)/(9/(-240)).
2, 5
Suppose -3*b = 2*b + 50. Let p = -7 - b. What are the prime factors of -1 + 45/(0 + p)?
2, 7
Let l = 42 + -35. What are the prime factors of l?
7
Let i(t) = t**2 + 6*t - 6. Let v be i(-6). Let f be (-2)/(-6) + 2/v. Suppose -2*n = -f*n - 14. What are the prime factors of n?
7
Let x = -19 + 64. What are the prime factors of x?
3, 5
Let l(c) = 258*c**2 + 3*c - 1. List the prime factors of l(-1).
2, 127
Let o = -18 + 10. Let l = o + 5. Let i(x) = -x**3 - x**2 + 2*x - 3. What are the prime factors of i(l)?
3
Suppose 5*n - 159 = 121. List the prime factors of n.
2, 7
Suppose -4*i + 3 + 5 = 0. Suppose i*c = -3*c - 15. What are the prime factors of 0*(-1)/c + 8?
2
Let w(m) = 31*m**2 - 4*m - 17. What are the prime factors of w(-3)?
2, 137
Suppose -2*k - 4 = -0. List the prime factors of 54/8 - k/8.
7
Suppose -y + m - 7 = -4*m, -4*y = 5*m + 3. List the prime factors of (y/6)/(2/(-12)).
2
Suppose -8*w = -6*w - 20. What are the prime factors of w?
2, 5
Let i(d) = d - 4. List the prime factors of i(14).
2, 5
Suppose -n - 5*o + 11 = -5, 5*o = 3*n + 12. Suppose -k = -10 - n. List the prime factors of k.
11
Suppose v = -0*v + 49. Let d = v - 29. What are the prime factors of d?
2, 5
Let j be (0 - -2)*15/6. Suppose 14 = j*g - 1. Suppose g*b + 2*l = 19, -4*b = -b - 3*l - 39. What are the prime factors of b?
3
Let m(r) = 0 - r - 1 + 0*r - 9. Let y be m(-6). What are the prime factors of 1089/63 - y/(-14)?
17
Suppose -d - 42 + 91 = 0. List the prime factors of d.
7
Suppose -2*g = -4*g + 5*f + 65, -191 = -5*g + 3*f. Suppose 0 = -q + 5. Suppose g = q*u - 15. What are the prime factors of u?
11
Let p = 0 + 6. Suppose -u + p = 2*u. List the prime factors of (3 - 2)/(u/26).
13
Let x be 0*1/3 + -2. What are the prime factors of 2/(-4)*x*54?
2, 3
Let j(k) = -24*k. List the prime factors of j(-1).
2, 3
Let c(d) = -d - 1. Let h be c(-4). Suppose 2*u = 11 + h. What are the prime factors of u?
7
What are the prime factors of 16300/175 - 1/7?
3, 31
Suppose -2*n = -5*n + 21. Suppose 4*v - 20 = 5*c, n*c - 2*c = 0. List the prime factors of v.
5
Let c = -258 + 475. What are the prime factors of c?
7, 31
Let h be (-120)/(-3) - (-3 - 1). Let w = -24 + h. What are the prime factors of w?
2, 5
Let l(v) = 26*v + v**3 - 3 - 2*v**2 - 26*v. Suppose -g = -5*z + 2, 5*z - 20 = -2*g - 9. What are the prime factors of l(g)?
2, 3
Let v = -28 + 62. List the prime factors of v.
2, 17
Let i be (6/8)/((-1)/(-4)). Suppose -93 = -t - 2*t + i*x, -5*x = 3*t - 101. What are the prime factors of t?
2
Let o(s) = -5*s + 1. Let v(x) = -3*x. Let p(b) = -6*o(b) + 11*v(b). Let u(a) = -3*a**2 - 3*a - 1. Let g be u(-2). List the prime factors of p(g).
3, 5
Let t be 15 + -1*(-1 + 0). Suppose -m + t = 3*m. List the prime factors of m.
2
Suppose 2*u + 6 = -u - 3*b, b + 6 = -3*u. List the prime factors of (-18 + u)/(2/(-4)).
2, 5
Suppose 13 = -2*n + 37. What are the prime factors of n?
2, 3
Suppose 3 = -q + 2. List the prime factors of q*2*(-22)/4.
11
Let i = 19 - 11. What are the prime factors of -15*-1*i/12?
2, 5
Let q = -19 - -37. List the prime factors of q.
2, 3
Let h(z) = -7*z + 3. List the prime factors of h(-3).
2, 3
Suppose 0*r + 2 = r. Let j = 3 - r. List the prime factors of 1 + 7 - (j + 0).
7
Suppose 0 = -3*v - 2*v + 10. Let f = v + 35. What are the prime factors of f?
37
Suppose 27 - 276 = -3*w. What are the prime factors of w?
83
Suppose p - 75 = -30. List the prime factors of p.
3, 5
Let a(d) = -d**3 + 8*d**2 + d - 5. Let v be a(8). Suppose -v*s + 6 = -6. Suppose 0 = 3*x - 0*x - 2*w - 49, s*x = 5*w + 77. List the prime factors of x.
13
Let b be 3*((1 - 2) + 2). Suppose b*f - 2*f = 4. Suppose -3*g + f = -2*g. What are the prime factors of g?
2
Suppose -2*n + 3*n = 1. Let c be n*(-2)/2*11. Let b = -6 - c. What are the prime factors of b?
5
Let w(b) = 7*b**2 - 3*b + 5. List the prime factors of w(4).
3, 5, 7
Let t(h) = h**3 + 6*h**2 + 5*h + 4. Let b be t(-5). What are the prime factors of 3/2 - (-42)/b?
2, 3
Let g be 50/6 + (-2)/(-3). Let n be (6/g)/(1/(-33)). Let y = n - -31. What are the prime factors of y?
3
Suppose -2*b = 3*b - 15, -2*b = 4*z - 14. Suppose 5*w - 18 = -2*s + 13, z*w - 20 = 3*s. List the prime factors of w.
7
Let b = 654 + -351. List the prime factors of b.
3, 101
What are the prime factors of 7 + (-3 - (-3 + 0))?
7
Suppose 2*i - 9 = 2*x - 25, -3*i - 4 = 2*x. What are the prime factors of (-46)/i + (-8)/16?
11
Suppose -7*s + 488 - 68 = 0. Suppose -4*n = 5*d - 151 + s, d - 95 = -4*n. What are the prime factors of n?
2, 3
Suppose -4*v = 2*u - 22, -v = -5*u + 2*v + 42. What are the prime factors of u?
3
Suppose -5*u + 1 = 11. Let c = u - -61. What are the prime factors of c?
59
Let i = 27 + 23. Suppose i = -4*b + 9*b. List the prime factors of b.
2, 5
Suppose -n - n + 6 = 0. Suppose -n*t = 5*h - 12 - 28, -h = -2. What are the prime factors of t?
2, 5
Let o(y) = y**3 + 4*y**2 - y - 5. Let i be o(-4). List the prime factors of (4 + -3)*(11 - i).
2, 3
Suppose 2*k + 3*v + 2*v - 173 = 0, -5*v = -15. Let f = k + -42. List the prime factors of f.
37
Let d(s) = -4*s**3 + 2*s**2 